he prime factors of 601467?
3, 157, 1277
What are the prime factors of 231259?
7, 33037
What are the prime factors of 1525869?
3, 17, 9973
What are the prime factors of 1937144?
2, 11, 22013
What are the prime factors of 150410?
2, 5, 13, 89
List the prime factors of 401598.
2, 3, 37, 67
List the prime factors of 9897288.
2, 3, 412387
What are the prime factors of 1593206?
2, 17, 47, 997
What are the prime factors of 267722?
2, 7, 13, 1471
What are the prime factors of 372669?
3, 11, 23, 491
List the prime factors of 254100.
2, 3, 5, 7, 11
List the prime factors of 3371235.
3, 5, 7, 97, 331
List the prime factors of 132510.
2, 3, 5, 7, 631
List the prime factors of 2950512.
2, 3, 61469
List the prime factors of 153877.
153877
What are the prime factors of 408761?
61, 6701
List the prime factors of 408161.
13, 31397
List the prime factors of 1706977.
1706977
What are the prime factors of 2437981?
7, 13, 73, 367
List the prime factors of 121415.
5, 7, 3469
What are the prime factors of 551697?
3, 173, 1063
What are the prime factors of 1275540?
2, 3, 5, 7, 3037
What are the prime factors of 9387347?
9387347
What are the prime factors of 19282970?
2, 5, 7, 23, 29, 59
List the prime factors of 2503941.
3, 11, 23, 3299
What are the prime factors of 262540?
2, 5, 13127
What are the prime factors of 4039004?
2, 29, 34819
List the prime factors of 9139473.
3, 7, 199
What are the prime factors of 2268969?
3, 756323
List the prime factors of 697915.
5, 97, 1439
List the prime factors of 5342902.
2, 29, 92119
What are the prime factors of 6713765?
5, 1342753
List the prime factors of 87471.
3, 9719
List the prime factors of 12115939.
11, 19, 29, 1999
What are the prime factors of 208571?
11, 67, 283
What are the prime factors of 934014?
2, 3, 17, 9157
What are the prime factors of 139763?
13, 827
List the prime factors of 5191060.
2, 5, 7, 5297
List the prime factors of 185468.
2, 199, 233
What are the prime factors of 220427?
53, 4159
What are the prime factors of 202039?
281, 719
What are the prime factors of 156480?
2, 3, 5, 163
List the prime factors of 159128.
2, 19891
List the prime factors of 149068.
2, 83, 449
What are the prime factors of 1242037?
17, 73061
List the prime factors of 644211.
3, 31, 2309
What are the prime factors of 51016?
2, 7, 911
What are the prime factors of 666465?
3, 5, 157, 283
List the prime factors of 293455.
5, 19, 3089
What are the prime factors of 15069219?
3, 11, 41513
What are the prime factors of 1613568?
2, 3, 11, 191
List the prime factors of 310007.
127, 2441
What are the prime factors of 13398411?
3, 13, 503, 683
What are the prime factors of 6529115?
5, 1305823
What are the prime factors of 2286936?
2, 3, 23, 1381
What are the prime factors of 426177?
3, 47353
List the prime factors of 1866761.
13, 37, 3881
List the prime factors of 7067507.
181, 39047
What are the prime factors of 307283?
307283
What are the prime factors of 709011?
3, 78779
List the prime factors of 283893.
3, 173, 547
List the prime factors of 722573.
37, 59, 331
What are the prime factors of 883919?
41, 21559
What are the prime factors of 2392957?
7, 341851
List the prime factors of 366671.
61, 6011
List the prime factors of 1575424.
2, 17, 181
List the prime factors of 5536313.
233, 23761
What are the prime factors of 142178?
2, 71089
List the prime factors of 599014.
2, 13, 23039
What are the prime factors of 31089?
3, 43, 241
What are the prime factors of 1365248?
2, 5333
What are the prime factors of 765020?
2, 5, 29, 1319
List the prime factors of 823051.
823051
What are the prime factors of 280219?
280219
What are the prime factors of 3957641?
131, 30211
List the prime factors of 527518.
2, 263759
What are the prime factors of 82026?
2, 3, 7, 31
List the prime factors of 282375.
3, 5, 251
What are the prime factors of 746504?
2, 11, 17, 499
List the prime factors of 206547.
3, 11, 569
List the prime factors of 273945.
3, 5, 7, 2609
What are the prime factors of 294817?
113, 2609
List the prime factors of 343298.
2, 17, 23, 439
What are the prime factors of 254630?
2, 5, 25463
List the prime factors of 14840095.
5, 2968019
What are the prime factors of 135832?
2, 16979
What are the prime factors of 4784048?
2, 19, 15737
What are the prime factors of 99224?
2, 79, 157
List the prime factors of 7413232.
2, 59, 7853
What are the prime factors of 1234567?
127, 9721
What are the prime factors of 4854488?
2, 606811
List the prime factors of 15749339.
3041, 5179
What are the prime factors of 5984951?
7, 854993
List the prime factors of 2420413.
193, 12541
List the prime factors of 5340670.
2, 5, 197, 2711
What are the prime factors of 3160326?
2, 3, 13, 31, 1307
What are the prime factors of 11963210?
2, 5, 7, 31, 37, 149
List the prime factors of 1551785.
5, 310357
What are the prime factors of 112371?
3, 7, 5351
What are the prime factors of 8730239?
7, 1247177
What are the prime factors of 7412958?
2, 3, 7, 2179
What are the prime factors of 8479654?
2, 67, 63281
List the prime factors of 1536582.
2, 3, 71, 3607
What are the prime factors of 1154284?
2, 288571
What are the prime factors of 578770?
2, 5, 31, 1867
List the prime factors of 831741.
3, 277247
What are the prime factors of 361185?
3, 5, 11, 199
What are the prime factors of 523883?
37, 14159
List the prime factors of 1892290.
2, 5, 189229
List the prime factors of 20787081.
3, 7, 31, 37, 863
List the prime factors of 9017617.
7, 73, 2521
What are the prime factors of 7239016?
2, 149, 6073
What are the prime factors of 281806?
2, 7, 20129
List the prime factors of 2313575.
5, 11, 47, 179
What are the prime factors of 2717217?
3, 301913
What are the prime factors of 7194041?
7194041
List the prime factors of 13907586.
2, 3, 7, 11, 30103
What are the prime factors of 271846?
2, 29, 43, 109
List the prime factors of 176469.
3, 59, 997
List the prime factors of 127873.
127873
List the prime factors of 3084106.
2, 17, 90709
List the prime factors of 1395138.
2, 3, 232523
List the prime factors of 11010105.
3, 5, 244669
What are the prime factors of 997053?
3, 31, 71, 151
List the prime factors of 235879.
7, 31, 1087
List the prime factors of 280979.
280979
What are the prime factors of 4492697?
11, 408427
What are the prime factors of 4178?
2, 2089
What are the prime factors of 458269?
7, 17, 3851
What are the prime factors of 24632455?
5, 19, 29, 8941
List the prime factors of 18390364.
2, 53, 223, 389
What are the prime factors of 5090515?
5, 29, 35107
What are the prime factors of 10848158?
2, 5424079
What are the prime factors of 14026150?
2, 5, 163, 1721
List the prime factors of 29599.
29599
List the prime factors of 2387141.
19, 125639
What are the prime factors of 106199?
17, 6247
What are the prime factors of 11041?
61, 181
List the prime factors of 4895874.
2, 3, 101, 2693
What are the prime factors of 614768?
2, 7, 11, 499
What are the prime factors of 71789?
71789
List the prime factors of 203675.
5, 8147
List the prime factors of 3736333.
107, 34919
What are the prime factors of 10898026?
2, 29, 187897
What are the prime factors of 13251667?
11, 13, 92669
What are the prime factors of 6554798?
2, 3277399
What are the prime factors of 36729?
3, 7, 11, 53
What are the prime factors of 2179417?
17, 128201
List the prime factors of 30513905.
5, 19, 321199
What are the prime factors of 3964791?
3, 17, 269
List the prime factors of 221770.
2, 5, 67, 331
List the prime factors of 303161.
17, 1049
List the prime factors of 24268873.
47, 516359
What are the prime factors of 997110?
2, 3, 5, 1231
List the prime factors of 695077.
19, 36583
List the prime factors of 206031.
3, 7, 9811
What are the prime factors of 155732?
2, 38933
What are the prime factors of 17845406?
2, 8922703
List the prime factors of 12507508.
2, 13, 31, 7759
What are the prime factors of 1581671?
7, 13, 191
List the prime factors of 29353432.
2, 37, 131, 757
What are the prime factors of 15927071?
43, 587, 631
List the prime factors of 952800.
2, 3, 5, 397
What are the prime factors of 1798784?
2, 13, 23, 47
List the prime factors of 68098.
2, 79, 431
List the prime factors of 267356.
2, 89, 751
What are the prime factors of 7182684?
2, 3, 19, 10501
What are the prime factors of 12683?
11, 1153
List th